 -452 - -768. Let y = u - k. List the prime factors of y.
3, 7
Let k be 8/(-6)*(0 + 3). Let l be -6*(k/(-6) + 40/30). List the prime factors of ((-2)/l*-129)/(1/(-6)).
3, 43
Suppose -79*v - 98885 = -84*v + 5*u, 2*u = -4*v + 79144. What are the prime factors of v?
73, 271
Let k = 53 + -63. Let c(n) = n**2 + 13*n + 3. Let x be c(k). Let t = x - -46. List the prime factors of t.
19
Suppose 0 = -5*c + 39 + 6. Let v(d) = -c - 15 + 3 - 3*d + 8*d. What are the prime factors of v(6)?
3
What are the prime factors of 20478*3 + ((-122)/(-61))/((-1)/(-4))?
2, 31, 991
Let j(z) = -2*z - 1. Let w be j(0). Let s be (-3)/w + 0 + 2. Let i(c) = 4*c + 9. List the prime factors of i(s).
29
Suppose 0 = 4*c - 16, -3*n + 116*c = 114*c - 53677. What are the prime factors of n?
3, 5, 1193
Suppose -338*p - 915331 = -355*p. What are the prime factors of p?
23, 2341
Suppose 7*b - 3*b + c = -24, -3*c = -4*b - 24. Let p be (-2)/(-3)*((b - -9) + 36). List the prime factors of (-63384)/(-312) - (-1 + 30/p).
7, 29
Let q(z) = z**3 - 7*z**2 + 20*z - 16. Let c be ((-198)/36)/((-2)/4). What are the prime factors of q(c)?
2, 43
Suppose b = -41 + 140. Let g = 102 - b. Suppose 2*m + 48 - 226 = 5*x, -g*m - 5*x = -267. List the prime factors of m.
89
Let c(d) = -119*d + 6464. What are the prime factors of c(-62)?
2, 3, 769
Let o = -340 + 142. Let l be 36/o + (-114)/(-22). Suppose -2*z + 40 = -l*f, -5*f + 20 = -z + 5*z. List the prime factors of z.
2, 5
Suppose -5*m - 6 + 51 = 0. Suppose m*h - 3071 = 5335. List the prime factors of h.
2, 467
Let m(k) = 14*k**2 + 3*k - 487. What are the prime factors of m(-26)?
11, 809
Let y be 15 + -13 + 687 + 5. Let b = 1264 - y. List the prime factors of b.
2, 3, 5, 19
Suppose 2*t + 251 = -5*c, 3*t = 3*c + 96 + 63. Let z(l) = -37*l**3 - l**2 + 1. Let j be z(1). Let p = j - c. What are the prime factors of p?
2, 7
Let y(u) = -3*u + 64. Let d be y(8). Suppose 3507 = 47*j - d*j. What are the prime factors of j?
3, 167
Let k(b) = -12*b**2 + 72*b - 6. Let w be k(6). What are the prime factors of (3976/10)/(w/(-15))?
2, 7, 71
Let d = -311 - -316. Suppose 0 = 3*g - 5*o - 257 - 390, o = d. List the prime factors of g.
2, 7
Suppose -4 = -h - 30. Suppose -4*z - 12 = 0, 4*d + 2*z - z - 25 = 0. Let y = d - h. List the prime factors of y.
3, 11
Suppose t - 86 = 5*m + 580, 394 = -3*m + 2*t. What are the prime factors of m/(-4)*(10 + -4)?
3, 67
Let j = 313 + -313. Suppose j = -12*x + 2494 + 2702. What are the prime factors of x?
433
Suppose 135*z - 137481 = -3*f + 137*z, -3*z = 0. List the prime factors of f.
45827
Let u be ((-19915)/49 - -3) + (-4)/7. Let p = 144 - u. List the prime factors of p.
2, 137
Suppose 28*q - 3*y = 23*q + 184887, 184899 = 5*q - y. List the prime factors of q.
3, 7, 587
Let k be (44/6 - -2 - -1)*3. Suppose 5*a + 29 = 5*t - k, -36 = 4*a + 2*t. List the prime factors of 3/(-2) - 1345/a.
7, 19
Let n(w) = -5*w - 21. Let s be n(-4). Let z(y) = -5*y. Let x be z(s). Suppose -4*m - x*d + d = -112, -5*m - 4*d = -141. List the prime factors of m.
29
Suppose 18*h - 144619 = 434590 + 34231. List the prime factors of h.
2, 3, 5, 71
Let z = 6 + -4. Suppose 3*h - 2*m - 24 = z*h, 4*m = 4*h - 92. List the prime factors of 196/10 + h/55.
2, 5
Let w(j) = 4598*j - 1972. List the prime factors of w(9).
2, 5, 7, 563
Let v be (-100)/(-12) + 24/(-18). What are the prime factors of 1/v + (-8439)/(-21)?
2, 3, 67
Suppose -114*x + 210999 = -111*x + 5*g, 3*x - g - 210981 = 0. What are the prime factors of x?
2, 59, 149
Let f(p) be the third derivative of p**6/120 - p**5/30 - 5*p**4/24 - p**3/3 - 12*p**2. Let l be f(5). List the prime factors of (-4 - -1)*-2*1880/l.
5, 47
Let g be 3 + (-2)/2 + -7. Let x be (2 - -1) + -390 + 1 + -2. List the prime factors of (x/16)/(g/20).
97
Suppose 4*o - 2 = 2*u - 4*u, -o - 13 = -4*u. Suppose -5*x = -8*x - 2*l + 602, -3*l + 603 = u*x. What are the prime factors of x?
2, 5
Let p(i) = 5*i**2 - 55*i - 445. List the prime factors of p(-10).
5, 11
Suppose 9*u - 91350 = -3*w + 10*u, w - 30466 = 3*u. List the prime factors of w.
2, 11, 173
Let p be 35/(-21)*(-2 + -1). Suppose -h - h - 2515 = -p*w, -3*h - 15 = 0. List the prime factors of w.
3, 167
Let w = 5089 - -35475. List the prime factors of w.
2, 10141
Let b be (-3)/(27/519)*-3 + 2. Suppose 96 = q - b. Let l = -172 + q. What are the prime factors of l?
3, 11
Let z(c) = -200*c - 175*c + 299*c - 141. List the prime factors of z(-14).
13, 71
Let y(u) = -u**2 + 10*u + 21. Let k be y(12). Let d be 1/(k + 28/8). Suppose 3*v = -d*v + 15. List the prime factors of v.
3
Suppose o + 0*o - 76 = 3*z, 3*z - 76 = -o. Let b(l) = 2*l**2 + 142*l + 581. Let m be b(-67). Let j = o - m. List the prime factors of j.
31
Let u(a) = -379*a + 13605. List the prime factors of u(0).
3, 5, 907
Let a = 48181 + -33181. What are the prime factors of a?
2, 3, 5
What are the prime factors of (1/5 + 1216/(-5))/((-195)/20085)?
3, 103
Suppose -5*l + 4*t = -30617, 12*t + 18377 = 3*l + 13*t. List the prime factors of l.
5, 7
What are the prime factors of 3/(-7) - (25 + 1711501/(-133))?
3, 1427
Suppose -2*b = -l + 9, l + 6*b = 3*b - 6. Suppose l*q + 4*m - 256 = 0, -q + 4*q - 2*m = 268. Let z = 129 - q. List the prime factors of z.
41
Let d(t) = -t**2 + 5*t + 10. Let u be d(-14). Let q = u + 272. What are the prime factors of q?
2
Let t be 2 - (-4)/(-20)*0. What are the prime factors of (0 - -2)/(t + (-882)/444)?
2, 37
Let x(m) = 4*m**3 - 8*m**2 - 16*m + 119. List the prime factors of x(6).
599
Let j = 6054 - -947. Suppose -369 + j = 8*t. What are the prime factors of t?
829
Suppose 4*o = -2*y + 18, -o = -2*o + y + 3. Suppose -o*i = n - 604, -i + 138 = -16*n + 13*n. What are the prime factors of i?
2, 3, 5
Suppose -2*p = -4*u - 2202, 3*u + 521 = -4*p + 4881. List the prime factors of p.
1093
Let u(t) = -1001*t - 161. Let x(r) = -100*r - 16. Let h(z) = -4*u(z) + 42*x(z). Let o be h(-12). Suppose 20*m = 6*m + o. What are the prime factors of m?
2, 83
Let w be 101/11 + (-46)/253. Suppose -5836 + 1165 = -w*s. What are the prime factors of s?
3, 173
Let q(g) = -g**2 - 7*g + 4. Let n be q(-6). Suppose -2*v - 812 = -4*o, -14*o + n*o = 5*v - 798. What are the prime factors of o?
2, 101
Let l(q) = -q**3 - 83*q**2 - 245*q - 68. What are the prime factors of l(-81)?
5, 11
Let j(r) = r**2 - 16*r + 5. Let a be j(7). Let d = a - -110. List the prime factors of d/(-6)*((-1755)/10)/9.
13
Suppose 12*a + 394 = -3*m + 13*a, 2*a + 542 = -4*m. Let g = 355 + m. List the prime factors of g.
2, 3, 37
Let l = 77771 - 22915. List the prime factors of l.
2, 6857
Let s be (2070/(0 + -5))/2. Let u(a) = -137*a - 1. Let k be u(1). Let c = k - s. List the prime factors of c.
3, 23
Let w = -2877 + 4798. What are the prime factors of w?
17, 113
What are the prime factors of (13316/(-10))/((-828)/6210)?
3, 3329
Let g(d) = 84*d**3 + 3*d**2 - d - 1. Suppose -2*n + 4 = -2*z, -3*n + 10*z + 6 = 12*z. What are the prime factors of g(n)?
3, 227
Suppose 4*o - 4380 = 5*c - 89, -2*o = -8. Let f = c - -1707. What are the prime factors of f?
2, 3, 71
Let c = 4099 + 31340. List the prime factors of c.
3, 11813
Let i(m) = -m - 27. Let p(j) = -j**2 - 2*j - 21. Let y be p(0). Let c be i(y). List the prime factors of (9 - 3)*1*(-34)/c.
2, 17
Suppose 3*g - 3*x = -21, -2*g + 13 = -3*g + 4*x. Let d(n) = 9*n + 4 + 2*n + 2*n**2 - 4*n. List the prime factors of d(g).
19
Let r(d) = -3*d**3 - 6*d**2 - 2*d - 18. Let n = 295 - 303. What are the prime factors of r(n)?
2, 5, 23
Suppose -2*i + 13107 - 2165 = 0. List the prime factors of i.
5471
List the prime factors of (-129)/86*(-2029796)/54 + (-4)/18.
56383
What are the prime factors of (4/3)/((-48)/(-25524))?
709
Let l be (-459)/2 - (-4)/8. Let z = l + 272. List the prime factors of z.
43
Suppose 2*i + 55*h - 988 = 53*h, -2 = h. Let f = i - -420. What are the prime factors of f?
2, 229
What are the prime factors of (-2 - 5123/(-2))*23/(230/60)?
3, 5119
Suppose -5*v - b + 34 = 164, 0 = 4*v - 4*b + 80. Let c be 18/(-15) - 5/v. Let o(h) = 62*h**2 + 4*h. What are the prime factors of o(c)?
2, 29
Suppose -118 + 13 = -5*b. Let t = 21 - b. Suppose -758 = -4*f + 4*z - 106, t = -4*f + 5*z + 649. What are the prime factors of f?
2, 83
Suppose 5*m - 303 = 4*x, 4*m - 2*x = 3*m + 63. Suppose m*o - 1085 = 58*o. List the prime factors of o.
5, 7,